
13, 211
Suppose 4*b = -4*j + 1640, -811 = 5*j - 2*b - 2833. What are the prime factors of j?
2, 7, 29
Let a(l) = 2*l**2 - 7*l + 5. Let i be ((-5)/(-3))/(1/3). Suppose -5*n = p + 4, -n + 2*n + 32 = i*p. List the prime factors of a(p).
5, 7
Suppose 5*j - 3*j + 50 = 0. What are the prime factors of 1 + (-120)/(j/5)?
5
Suppose -7*u - 3248 = -10283. List the prime factors of u.
3, 5, 67
Suppose 3 + 1 = 4*z. Let l = z - 0. Let w(a) = 8*a**2 - a + 1. List the prime factors of w(l).
2
Suppose -4*u - 20 = -96. Suppose 0 = f + 5*d - 31 - u, 5*f - 354 = d. Let r = -44 + f. List the prime factors of r.
2, 13
Let c = 4251 + -2839. What are the prime factors of c?
2, 353
Let i be (3*(-2)/(-6))/(-1). Let m be (3 - -1) + 2 + i. Suppose 68 = -q + m*q. List the prime factors of q.
17
Let f = -61 + 66. Let p(k) = 5*k**2 + 4*k + 7. List the prime factors of p(f).
2, 19
Suppose 4*d = 4*u, u + d - 1 = 3. Suppose -2*i = -3*b + 180, -u*b + i + 120 = -3*i. List the prime factors of b.
2, 3, 5
Suppose y - 687 = -3*y - 5*m, 2*y - 336 = -4*m. Let z = 262 - y. What are the prime factors of z?
2, 3, 7
Let j be 1*85/(-2 - -7). Let q be 9/4 + (-3)/12. Suppose -3*d = q - j. What are the prime factors of d?
5
Suppose -77 = 4*c - 2*r + 21, -9 = -3*r. Let x = -2 - c. What are the prime factors of x?
3, 7
Let v be (-41)/(-3) - (-3)/9. Let g(u) = -2*u + 16. Let h be g(9). Let w = v - h. What are the prime factors of w?
2
Let h = -26 + 47. Let v be (18/h)/((-3)/(-21)). What are the prime factors of 8 - -2 - v/(-2)?
13
Let l(x) = 128*x**2 + x + 9. Let k(a) = -320*a**2 - 2*a - 22. Let g(n) = 5*k(n) + 12*l(n). Let v be g(1). List the prime factors of (-1 - 0)/(2/v).
2
Let n = 215 + -90. List the prime factors of n.
5
Let d(p) = p - 12. Let v(b) = 4*b - 35. Let l(o) = 8*d(o) - 3*v(o). Let i be l(-8). Suppose 3*h - i = 4*a, -4*h + 84 = a + a. What are the prime factors of h?
19
Let z = 803 - 424. What are the prime factors of z?
379
Let d(n) = -n**2 + 10*n - 5. Let c be d(9). Let r(g) = 7*g**2 - 3*g + 4. Let z be r(c). Suppose 5*m + 4 = z. List the prime factors of m.
2, 5
Let j(g) = -3*g**3 + g**2 + 8*g - 3. What are the prime factors of j(-4)?
173
Let q be 2/(-3) - 16/(-24). What are the prime factors of 7 + -4 + q + 123?
2, 3, 7
List the prime factors of ((-28)/(-6))/7*137616/32.
47, 61
Suppose -14*k + 9200 = -13914. List the prime factors of k.
13, 127
Suppose 3*g + g = -2*a + 12, -a = -g + 6. Suppose g*s = 772 - 28. What are the prime factors of s?
2, 3, 31
Suppose -8*n + 1884 = 4*n. Suppose 5*k + v = 410, -k + n = k - v. List the prime factors of k.
3
What are the prime factors of ((-1)/(-1))/(11 + (-20787)/1890)?
2, 3, 5, 7
Let k(n) = -n - 12. Let i be k(-12). Suppose g = m + 4, -2*g + m + i + 4 = 0. Suppose 2*z - 18 - 52 = g. What are the prime factors of z?
5, 7
Let j = 107 + -159. Let l = 91 + j. What are the prime factors of l?
3, 13
Suppose -4*u + 8 = 0, -4*x + 9*x - 8 = -4*u. Suppose -20 = -5*h + h. Suppose h*t - 4*j - 80 - 62 = x, j + 3 = 0. List the prime factors of t.
2, 13
Suppose -3*l - 1 = 2*j - 12, 4*j - 13 = -3*l. Suppose -2*f - 245 = -l*v - 41, 2*v + 4*f = 136. List the prime factors of v.
2, 17
Let z = 10 + -5. Suppose -10 = z*d - 3*d. Let j(t) = t**3 + 7*t**2 + 5*t - 6. What are the prime factors of j(d)?
19
Suppose -2*s + 763 + 296 = -3*w, -4*s = 12. Let x = -230 - w. What are the prime factors of x?
5
Let c be (1 - -1)*(1 + 9). Let n = c - -14. What are the prime factors of n?
2, 17
Let z(g) = 7*g - 2. Let o be 4/4 + 0 - -1. Let a be z(o). Suppose 0 = 2*b - a - 50. What are the prime factors of b?
31
List the prime factors of -1*2239/(-4) + 15/60.
2, 5, 7
Suppose 8*b + 4*j = 6*b + 1096, 4*b + 4*j = 2180. What are the prime factors of b?
2, 271
What are the prime factors of (4 - 10) + 575 - (-2 + 2)?
569
Let a(p) = -5*p**3 - 8*p**2 + 2*p - 3. List the prime factors of a(-10).
4177
Let d = 36 + -31. Suppose d*s - 3*q = 148, 3*s - 2*q = -7*q + 116. List the prime factors of s.
2
Suppose -i + 6 = i. Suppose n + 3*n + 44 = -i*k, -k + n - 24 = 0. List the prime factors of (-106)/(-10) + (-8)/k.
11
Suppose 0 = 2*x + 3*x. Suppose -3*m - m - 64 = x. What are the prime factors of m/(-20)*50/4?
2, 5
Let w = -37 + 112. What are the prime factors of w/10*16/6?
2, 5
Suppose 410*v = 402*v + 25880. What are the prime factors of v?
5, 647
Let m(k) = 45*k + 383. What are the prime factors of m(10)?
7, 17
Suppose -3*w + 13 = -x - 3, 5*x + 48 = -w. Let k be ((-69)/(-115))/((-3)/x). Suppose 14 + 6 = k*c. List the prime factors of c.
2, 5
Let i(k) = -k**3 + 10*k**2 + k + 9. Let d be i(7). Suppose -c + d = -9. List the prime factors of c.
2, 43
Let x = -1430 + 4385. What are the prime factors of x?
3, 5, 197
Let c = 150 + -92. Suppose 0 = 4*r + 2*w - c - 22, -4*w + 65 = 3*r. Suppose -s = 0, 2*s = x + s - r. List the prime factors of x.
19
Let h be (-6)/27 + (-1448)/(-36). Let y be (h - 3)*1 + 2. Suppose -5*k + y = 4*v, 2*k - 8 = 3*v - 66. List the prime factors of v.
2
Let m(f) = f**3 + 13*f**2 - 17*f - 18. Let q(y) = -7*y**2 + 8*y - 2. Let j be q(2). What are the prime factors of m(j)?
2, 3
Suppose 5*w - 20 = w. Suppose a - 2*a = w, 4*a - 225 = -5*n. What are the prime factors of n?
7
Suppose -5*t = d - 125 - 444, -3*t = 4*d - 2225. List the prime factors of d.
2, 277
Let n(j) = j**3 + 8*j**2 - 2*j + 1. Suppose 5*d + 66 = 21. Let f = 1 + d. List the prime factors of n(f).
17
Let x = 8 - 10. Let o = x + -2. What are the prime factors of 6/o - 31/(-2)?
2, 7
Let z(f) = -5*f**3 - f**2 + 3. Let a be z(-2). Let r(x) = 4 + a*x**2 - 40*x**2 - 2*x - 2. List the prime factors of r(-2).
2
Let j(m) be the third derivative of -m**6/120 - m**5/20 - m**4/24 - 3*m**2. Let t be j(-2). List the prime factors of ((-1)/(-2))/(t/(-36)).
3
Let u = -212 - -264. What are the prime factors of u?
2, 13
Suppose 0 = 4*q - 5*f + 15, -4*q - 2*f - 45 = 5. Let z = q - -97. What are the prime factors of z?
3, 29
Suppose -2*s - 10 = 0, -2*s - 10 = -2*t - 0*t. Suppose t = -4*m + 8. Suppose -137 = -4*x - f, -m*x = -4*x - 4*f + 72. List the prime factors of x.
2, 17
Suppose -4*u - 2*q - 36 = 0, -3 = -2*q + 5. Let o(z) = -z**2 - 14*z - 14. What are the prime factors of o(u)?
19
Suppose 24 = 20*g - 24*g. List the prime factors of 18/(7/((-63)/g)).
3
Suppose 227093 = 63*h + 43826. List the prime factors of h.
2909
Let b(f) = 56*f**3 + 3*f**2 + 3*f. Let s be b(-1). Let y = 4 + -8. What are the prime factors of (-85)/y + 14/s?
3, 7
Let k(t) = -2*t**3 - 24*t**2 + 19*t - 32. What are the prime factors of k(-14)?
2, 3
Suppose 0 = -4*a - c - 68, -3*a + 3*c + 9 = 75. Let j(w) = -3*w - 15. What are the prime factors of j(a)?
3, 13
Let s be (8/24 - (-1)/(-3))*1. Suppose 4*o = h - 4*h + 483, o + 4*h - 137 = s. What are the prime factors of o?
3, 13
Suppose 2*k - 407 = 5*a, 9*a = -2*k + 13*a + 412. List the prime factors of k.
2, 3
Let v(l) = -3*l + 3 - 6 + 9*l. Let g(k) = 2*k**2 + 73*k + 42. Let i be g(-36). What are the prime factors of v(i)?
3, 11
Let w(i) = 46*i**2 - 124*i. List the prime factors of w(10).
2, 3, 5, 7
Suppose -5*b + 5*w - 125 = 4*w, -5*b + 2*w - 125 = 0. List the prime factors of 63/5 - (-15)/b.
2, 3
Suppose 5*x - 4*w - 13 = 0, 0 = 2*x - 3*x - w - 1. Let t(u) = 2*u**2 - 3*u**2 - u - 4*u + 9*u**3 + 7*u - 1. What are the prime factors of t(x)?
3
Suppose 6*c - 2*c - 4*o - 2272 = 0, -c + 2*o = -566. Suppose 0*y = 2*y - c. What are the prime factors of y?
3, 5, 19
Let b = -42 + 66. Suppose 30 = 5*g + 5*s, 2*g = 5*g + s - b. List the prime factors of g.
3
Let d be (2/(-4))/((-15)/30). Suppose d = -3*v - 107. What are the prime factors of (v + 5)*(0 - 1)?
31
Suppose -5*m + 939 = -10*a + 6*a, -2*m = -3*a - 370. What are the prime factors of m?
191
Let v(g) = -15*g**2 + 22 - 7*g - 11*g + 14*g**2 + 0*g. Let m be v(-16). Suppose r - m = -r. List the prime factors of r.
3
Suppose -4*k + 22 = -2*g, -2*k + 1 = -5*g - 30. Let n = -246 - -249. Suppose -n*w + 63 = 3*m, -2*m - k*w - w = -36. What are the prime factors of m?
2, 3
Let m(w) = -24*w**3 - 3*w - 2. Let f be m(-1). Suppose -8*l + f = -3*l. Suppose -l*d = -3*d - 16. What are the prime factors of d?
2
Suppose u + 57 - 263 = 5*r, 0 = 4*r - 20. List the prime factors of u.
3, 7, 11
Let k(r) = -413*r - 123. List the prime factors of k(-7).
2, 173
What are the prime fact